{"id":242,"date":"2024-05-06T19:35:51","date_gmt":"2024-05-06T17:35:51","guid":{"rendered":"http:\/\/localhost\/Chaire%20UNESCO%20DPHD\/?page_id=242"},"modified":"2024-06-14T16:41:21","modified_gmt":"2024-06-14T14:41:21","slug":"a-propos","status":"publish","type":"page","link":"https:\/\/chaire.kasdigit.com\/index.php\/a-propos\/","title":{"rendered":"A Propos"},"content":{"rendered":"\t\t<div data-elementor-type=\"wp-page\" data-elementor-id=\"242\" class=\"elementor elementor-242\" data-elementor-settings=\"{&quot;ha_cmc_init_switcher&quot;:&quot;no&quot;}\" data-elementor-post-type=\"page\">\n\t\t\t\t<div class=\"elementor-element elementor-element-082164b e-con-full e-flex wpr-particle-no wpr-jarallax-no wpr-parallax-no wpr-sticky-section-no e-con e-parent\" data-id=\"082164b\" data-element_type=\"container\" data-settings=\"{&quot;background_background&quot;:&quot;slideshow&quot;,&quot;background_slideshow_gallery&quot;:[{&quot;id&quot;:814,&quot;url&quot;:&quot;http:\\\/\\\/localhost\\\/Chaire%20UNESCO%20DPHD\\\/wp-content\\\/uploads\\\/2024\\\/05\\\/bg-1.png&quot;}],&quot;background_slideshow_loop&quot;:&quot;yes&quot;,&quot;background_slideshow_slide_duration&quot;:5000,&quot;background_slideshow_slide_transition&quot;:&quot;fade&quot;,&quot;background_slideshow_transition_duration&quot;:500,&quot;_ha_eqh_enable&quot;:false}\">\n\t\t<div class=\"elementor-element elementor-element-b24cd46 e-flex e-con-boxed wpr-particle-no wpr-jarallax-no wpr-parallax-no wpr-sticky-section-no e-con e-child\" data-id=\"b24cd46\" data-element_type=\"container\" data-settings=\"{&quot;background_background&quot;:&quot;classic&quot;,&quot;_ha_eqh_enable&quot;:false}\">\n\t\t\t\t\t<div class=\"e-con-inner\">\n\t\t\t\t<div class=\"elementor-element elementor-element-d132e92 elementor-widget elementor-widget-heading\" data-id=\"d132e92\" data-element_type=\"widget\" data-widget_type=\"heading.default\">\n\t\t\t\t<div class=\"elementor-widget-container\">\n\t\t\t\t\t<h1 class=\"elementor-heading-title elementor-size-default\">\u00c0 propos<\/h1>\t\t\t\t<\/div>\n\t\t\t\t<\/div>\n\t\t\t\t\t<\/div>\n\t\t\t\t<\/div>\n\t\t\t\t<\/div>\n\t\t\t\t<section class=\"elementor-section elementor-top-section elementor-element elementor-element-5505f27 elementor-section-boxed elementor-section-height-default elementor-section-height-default wpr-particle-no wpr-jarallax-no wpr-parallax-no wpr-sticky-section-no\" data-id=\"5505f27\" data-element_type=\"section\" data-settings=\"{&quot;_ha_eqh_enable&quot;:false}\">\n\t\t\t\t\t\t<div class=\"elementor-container elementor-column-gap-default\">\n\t\t\t\t\t<div class=\"elementor-column elementor-col-50 elementor-top-column elementor-element elementor-element-202ad2ea\" data-id=\"202ad2ea\" data-element_type=\"column\">\n\t\t\t<div class=\"elementor-widget-wrap elementor-element-populated\">\n\t\t\t\t\t\t<div class=\"elementor-element elementor-element-5e37d87b elementor-invisible elementor-widget elementor-widget-image\" data-id=\"5e37d87b\" data-element_type=\"widget\" data-settings=\"{&quot;_animation&quot;:&quot;bounceInDown&quot;}\" data-widget_type=\"image.default\">\n\t\t\t\t<div class=\"elementor-widget-container\">\n\t\t\t\t\t\t\t\t\t\t\t\t\t\t\t<img fetchpriority=\"high\" decoding=\"async\" width=\"1024\" height=\"683\" src=\"https:\/\/chaire.kasdigit.com\/wp-content\/uploads\/2024\/05\/Bienvenue-a-la-chaire-1024x683.jpg\" class=\"attachment-large size-large wp-image-764\" alt=\"\" srcset=\"https:\/\/chaire.kasdigit.com\/wp-content\/uploads\/2024\/05\/Bienvenue-a-la-chaire-1024x683.jpg 1024w, https:\/\/chaire.kasdigit.com\/wp-content\/uploads\/2024\/05\/Bienvenue-a-la-chaire-300x200.jpg 300w, https:\/\/chaire.kasdigit.com\/wp-content\/uploads\/2024\/05\/Bienvenue-a-la-chaire-768x512.jpg 768w, https:\/\/chaire.kasdigit.com\/wp-content\/uploads\/2024\/05\/Bienvenue-a-la-chaire-1536x1024.jpg 1536w, https:\/\/chaire.kasdigit.com\/wp-content\/uploads\/2024\/05\/Bienvenue-a-la-chaire.jpg 1600w\" sizes=\"(max-width: 1024px) 100vw, 1024px\" \/>\t\t\t\t\t\t\t\t\t\t\t\t\t\t\t<\/div>\n\t\t\t\t<\/div>\n\t\t\t\t\t<\/div>\n\t\t<\/div>\n\t\t\t\t<div class=\"elementor-column elementor-col-50 elementor-top-column elementor-element elementor-element-7c7a577e elementor-invisible\" data-id=\"7c7a577e\" data-element_type=\"column\" data-settings=\"{&quot;animation&quot;:&quot;fadeIn&quot;}\">\n\t\t\t<div class=\"elementor-widget-wrap elementor-element-populated\">\n\t\t\t\t\t\t<div class=\"elementor-element elementor-element-2aa0caea ha-has-bg-overlay elementor-invisible elementor-widget elementor-widget-heading\" data-id=\"2aa0caea\" data-element_type=\"widget\" data-settings=\"{&quot;_animation&quot;:&quot;zoomIn&quot;}\" data-widget_type=\"heading.default\">\n\t\t\t\t<div class=\"elementor-widget-container\">\n\t\t\t\t\t<h2 class=\"elementor-heading-title elementor-size-default\">Bienvenue \u00e0 la chaire<\/h2>\t\t\t\t<\/div>\n\t\t\t\t<\/div>\n\t\t\t\t<div class=\"elementor-element elementor-element-554a3ec1 elementor-widget elementor-widget-text-editor\" data-id=\"554a3ec1\" data-element_type=\"widget\" data-widget_type=\"text-editor.default\">\n\t\t\t\t<div class=\"elementor-widget-container\">\n\t\t\t\t\t\t\t\t\t<p>Bienvenue \u00e0 la Chaire UNESCO des Droits de la Personne Humaine et de la D\u00e9mocratie (DPHD) du B\u00e9nin. Notre entit\u00e9 fut cr\u00e9\u00e9e suite \u00e0 un accord de partenariat strat\u00e9gique entre l\u2019Universit\u00e9 nationale du B\u00e9nin (UNB) \u2013 devenue Universit\u00e9 d\u2019Abomey-Calavi (UAC) \u2013 et l\u2019Organisation des Nations Unies pour l\u2019Education, la Science et la Culture (UNESCO), sign\u00e9 \u00e0 Paris en 1995.<\/p>\t\t\t\t\t\t\t\t<\/div>\n\t\t\t\t<\/div>\n\t\t\t\t\t<\/div>\n\t\t<\/div>\n\t\t\t\t\t<\/div>\n\t\t<\/section>\n\t\t<div class=\"elementor-element elementor-element-1ad896b e-flex e-con-boxed wpr-particle-no wpr-jarallax-no wpr-parallax-no wpr-sticky-section-no e-con e-parent\" data-id=\"1ad896b\" data-element_type=\"container\" data-settings=\"{&quot;_ha_eqh_enable&quot;:false}\">\n\t\t\t\t\t<div class=\"e-con-inner\">\n\t\t\t\t<div class=\"elementor-element elementor-element-d7a7c92 elementor-invisible elementor-widget elementor-widget-text-editor\" data-id=\"d7a7c92\" data-element_type=\"widget\" data-settings=\"{&quot;_animation&quot;:&quot;fadeIn&quot;}\" data-widget_type=\"text-editor.default\">\n\t\t\t\t<div class=\"elementor-widget-container\">\n\t\t\t\t\t\t\t\t\t<div><div><p>La Chaire UNESCO DPHD du B\u00e9nin est une institution d\u00e9pendant de l\u2019UAC.\u00a0\u00c0 la suite de l\u2019\u00e9valuation des r\u00e9sultats obtenus par la Chaire (la qualit\u00e9 de l\u2019enseignement dispens\u00e9 et des activit\u00e9s men\u00e9es), cet accord a fait l\u2019objet d\u2019un renouvellement en 2016. C\u2019est donc \u00e0 juste titre que notre entit\u00e9 s\u2019est encore donn\u00e9 de nouvelles ambitions et objectifs \u00e0 atteindre pour son rayonnement et pour la formation de cadres imm\u00e9diatement op\u00e9rationnels.<\/p><p>A la Chaire UNESCO DPHD, nous\u00a0 \u0153uvrons dans le domaine des droits humains et la culture de la paix en Afrique subsaharienne francophone.<\/p><p>Notre vision est de contribuer au renforcement de l\u2019Etat de droit en Afrique subsaharienne francophone par des formations dipl\u00f4mantes et continues de haut niveau et de dimension internationale, ainsi que par la cr\u00e9ation d\u2019un centre d\u2019excellence en mati\u00e8re d\u2019\u00e9tudes, de recherche et de conseil dans les domaines des droits humains et de la d\u00e9mocratie.<\/p><p>Enfin, la Chaire UNESCO DPHD du B\u00e9nin \u0153uvre \u00e0 faciliter la coop\u00e9ration subr\u00e9gionale et r\u00e9gionale entre des chercheurs et professeurs de renomm\u00e9e internationale et le personnel enseignant de l\u2019Universit\u00e9 ; L\u2019Education Aux Droits Humains et au D\u00e9veloppement est l\u2019une des missions que nous nous sommes assign\u00e9e avec le concours de partenaires nationaux et internationaux pour ainsi organiser des formations diverses<\/p><\/div><\/div>\t\t\t\t\t\t\t\t<\/div>\n\t\t\t\t<\/div>\n\t\t\t\t\t<\/div>\n\t\t\t\t<\/div>\n\t\t\t\t<\/div>\n\t\t","protected":false},"excerpt":{"rendered":"<p>\u00c0 propos Bienvenue \u00e0 la chaire Bienvenue \u00e0 la Chaire UNESCO des Droits de la Personne Humaine et de la D\u00e9mocratie (DPHD) du B\u00e9nin. Notre entit\u00e9 fut cr\u00e9\u00e9e suite \u00e0 un accord de partenariat strat\u00e9gique entre l\u2019Universit\u00e9 nationale du B\u00e9nin (UNB) \u2013 devenue Universit\u00e9 d\u2019Abomey-Calavi (UAC) \u2013 et l\u2019Organisation des Nations Unies pour l\u2019Education, la Science et la Culture (UNESCO), sign\u00e9 \u00e0 Paris en 1995. La Chaire UNESCO DPHD du B\u00e9nin est une institution d\u00e9pendant de l\u2019UAC.\u00a0\u00c0 la suite de l\u2019\u00e9valuation des r\u00e9sultats obtenus par la Chaire (la qualit\u00e9 de l\u2019enseignement dispens\u00e9 et des activit\u00e9s men\u00e9es), cet accord a fait l\u2019objet d\u2019un renouvellement en 2016. C\u2019est donc \u00e0 juste titre que notre entit\u00e9 s\u2019est encore donn\u00e9 de nouvelles ambitions et objectifs \u00e0 atteindre pour son rayonnement et pour la formation de cadres imm\u00e9diatement op\u00e9rationnels. A la Chaire UNESCO DPHD, nous\u00a0 \u0153uvrons dans le domaine des droits humains et la culture de la paix en Afrique subsaharienne francophone. Notre vision est de contribuer au renforcement de l\u2019Etat de droit en Afrique subsaharienne francophone par des formations dipl\u00f4mantes et continues de haut niveau et de dimension internationale, ainsi que par la cr\u00e9ation d\u2019un centre d\u2019excellence en mati\u00e8re d\u2019\u00e9tudes, de recherche et de conseil dans les domaines des droits humains et de la d\u00e9mocratie. Enfin, la Chaire UNESCO DPHD du B\u00e9nin \u0153uvre \u00e0 faciliter la coop\u00e9ration subr\u00e9gionale et r\u00e9gionale entre des chercheurs et professeurs de renomm\u00e9e internationale et le personnel enseignant de l\u2019Universit\u00e9 ; L\u2019Education Aux Droits Humains et au D\u00e9veloppement est l\u2019une des missions que nous nous sommes assign\u00e9e avec le concours de partenaires nationaux et internationaux pour ainsi organiser des formations diverses<\/p>\n","protected":false},"author":1,"featured_media":0,"parent":0,"menu_order":0,"comment_status":"closed","ping_status":"closed","template":"","meta":{"_eb_attr":"","site-sidebar-layout":"no-sidebar","site-content-layout":"","ast-site-content-layout":"full-width-container","site-content-style":"default","site-sidebar-style":"default","ast-global-header-display":"","ast-banner-title-visibility":"","ast-main-header-display":"","ast-hfb-above-header-display":"","ast-hfb-below-header-display":"","ast-hfb-mobile-header-display":"","site-post-title":"disabled","ast-breadcrumbs-content":"","ast-featured-img":"disabled","footer-sml-layout":"","theme-transparent-header-meta":"","adv-header-id-meta":"","stick-header-meta":"","header-above-stick-meta":"","header-main-stick-meta":"","header-below-stick-meta":"","astra-migrate-meta-layouts":"default","ast-page-background-enabled":"default","ast-page-background-meta":{"desktop":{"background-color":"var(--ast-global-color-4)","background-image":"","background-repeat":"repeat","background-position":"center center","background-size":"auto","background-attachment":"scroll","background-type":"","background-media":"","overlay-type":"","overlay-color":"","overlay-opacity":"","overlay-gradient":""},"tablet":{"background-color":"","background-image":"","background-repeat":"repeat","background-position":"center center","background-size":"auto","background-attachment":"scroll","background-type":"","background-media":"","overlay-type":"","overlay-color":"","overlay-opacity":"","overlay-gradient":""},"mobile":{"background-color":"","background-image":"","background-repeat":"repeat","background-position":"center center","background-size":"auto","background-attachment":"scroll","background-type":"","background-media":"","overlay-type":"","overlay-color":"","overlay-opacity":"","overlay-gradient":""}},"ast-content-background-meta":{"desktop":{"background-color":"var(--ast-global-color-5)","background-image":"","background-repeat":"repeat","background-position":"center center","background-size":"auto","background-attachment":"scroll","background-type":"","background-media":"","overlay-type":"","overlay-color":"","overlay-opacity":"","overlay-gradient":""},"tablet":{"background-color":"var(--ast-global-color-5)","background-image":"","background-repeat":"repeat","background-position":"center center","background-size":"auto","background-attachment":"scroll","background-type":"","background-media":"","overlay-type":"","overlay-color":"","overlay-opacity":"","overlay-gradient":""},"mobile":{"background-color":"var(--ast-global-color-5)","background-image":"","background-repeat":"repeat","background-position":"center center","background-size":"auto","background-attachment":"scroll","background-type":"","background-media":"","overlay-type":"","overlay-color":"","overlay-opacity":"","overlay-gradient":""}},"footnotes":""},"class_list":["post-242","page","type-page","status-publish","hentry"],"_links":{"self":[{"href":"https:\/\/chaire.kasdigit.com\/index.php\/wp-json\/wp\/v2\/pages\/242","targetHints":{"allow":["GET"]}}],"collection":[{"href":"https:\/\/chaire.kasdigit.com\/index.php\/wp-json\/wp\/v2\/pages"}],"about":[{"href":"https:\/\/chaire.kasdigit.com\/index.php\/wp-json\/wp\/v2\/types\/page"}],"author":[{"embeddable":true,"href":"https:\/\/chaire.kasdigit.com\/index.php\/wp-json\/wp\/v2\/users\/1"}],"replies":[{"embeddable":true,"href":"https:\/\/chaire.kasdigit.com\/index.php\/wp-json\/wp\/v2\/comments?post=242"}],"version-history":[{"count":70,"href":"https:\/\/chaire.kasdigit.com\/index.php\/wp-json\/wp\/v2\/pages\/242\/revisions"}],"predecessor-version":[{"id":1546,"href":"https:\/\/chaire.kasdigit.com\/index.php\/wp-json\/wp\/v2\/pages\/242\/revisions\/1546"}],"wp:attachment":[{"href":"https:\/\/chaire.kasdigit.com\/index.php\/wp-json\/wp\/v2\/media?parent=242"}],"curies":[{"name":"wp","href":"https:\/\/api.w.org\/{rel}","templated":true}]}}